l?
0
Calculate the remainder when (-1 - 1)/((-2480)/276520) is divided by (-32 + 0)/(1 - 2).
31
Let g be (-45)/(-12) + 1 + (-12)/16. Suppose 3*m - g*d = 304, -3*m + 6*m = -5*d + 322. What is the remainder when m is divided by 12?
8
Let z(j) be the third derivative of -j**4/6 - 9*j**2. Suppose -4*q = -4*w + 8, -2*q = -w + 2*w + 4. What is the remainder when 23 is divided by z(q)?
7
Let p = -529 - -545. Let x(k) = k**3 + 10*k**2 + 6*k - 6. What is the remainder when x(-9) is divided by p?
5
Let s = -775 - -803. Let l(a) = a**2 - 2*a - 21. Let o be l(0). Let t = -12 - o. Calculate the remainder when s is divided by t.
1
Suppose -2*n + 71*g - 73*g = -118, 5*g = -2*n + 124. Let a be (6/(-3) + -30)*-1. Let j = a - 16. What is the remainder when n is divided by j?
9
Suppose 10*t + 1326 = 23*t. Let n = 106 - t. Calculate the remainder when 18 is divided by n.
2
Let h = 5643 - 5573. Calculate the remainder when 977 is divided by h.
67
Let f = 518 - 430. Suppose 3*s + 8*i = 3*i + f, -94 = -4*s - 2*i. What is the remainder when s is divided by 1?
0
Suppose 46*s - 32*s - 70 = 0. Suppose -102 - 314 = -4*p - 4*v, -416 = -4*p + 4*v. Calculate the remainder when p is divided by s.
4
Calculate the remainder when 215 is divided by -1 + 12/(-2) + (59 - 46) - -48.
53
Suppose -4*d + u + 25 = -d, 3*d = 5*u + 29. Let p be d - 8 - 8/(-2). Suppose -s + 39 = 2*i, -p = -3*i + 2. Calculate the remainder when 138 is divided by s.
33
Suppose 0 = 13*v - 18*v + 90. Let k = 33 - v. Suppose -k = -2*g + 39. What is the remainder when g is divided by 6?
3
Suppose 3*y = 53 + 46 - 21. What is the remainder when 2766 is divided by y?
10
Suppose -11*b - 609 = 689. Calculate the remainder when 3/(9/(-6)*2/b) is divided by 42.
34
Suppose 0 = -21*u - 7*u + 10192. Let z = u - 322. Calculate the remainder when 127 is divided by z.
1
Let t = -4884 + 4921. Calculate the remainder when 3176 is divided by t.
31
Let g = 2303 + -2293. Calculate the remainder when 1919 is divided by g.
9
Suppose -20 = -4*n + 3*o, -12*n + o = -9*n - 15. Suppose -5*v + 2*i - 90 = -8*v, n*v - 146 = -2*i. Calculate the remainder when v is divided by 20.
8
Let d = -6116 - -6131. Calculate the remainder when 172 is divided by d.
7
Suppose 38 + 892 = 21*g + 9*g. Suppose 2*b = -5*a + 148, -b + 24 = -5*a - 20. Calculate the remainder when b is divided by g.
2
Suppose s - 193 = -0*s. Suppose 0 = -5*o + 2*n + 9, -7 = 2*o - 5*n - 19. Calculate the remainder when s is divided by o/(-3*8/(-936)).
37
Suppose -5*j = 2*d - 345, 15*d = 10*d + 5*j + 810. Let v = -40 - -68. What is the remainder when d is divided by v?
25
Let t be 5 - ((-12)/(-4) + 0). Let h(g) be the second derivative of g**5/20 + g**4/12 + g**3/6 - g**2 + 18*g. What is the remainder when 27 is divided by h(t)?
3
Let d(c) = -44*c**2 + 2044*c - 146. What is the remainder when d(46) is divided by 192?
6
Let k be (-17872)/120 - 3/45. Let z = -117 - k. Calculate the remainder when 190 is divided by z.
30
Suppose 63*z - 61*z = a + 341, -2*a = 3*z - 494. What is the remainder when 841 is divided by z?
1
Let k(h) = 126*h - 70. Suppose 97*n = 68*n + 1479. Calculate the remainder when k(5) is divided by n.
50
Let n be 80/75*-3*(-30)/(-4). Suppose 58 = 2*j + 4. Calculate the remainder when 22/(n/63 - (-4)/6) is divided by j.
23
Let z = -487 + 489. Suppose 0*p - 130 = -5*s + 5*p, 0 = 4*s - z*p - 96. Calculate the remainder when s is divided by 9.
4
Let p(m) = -6*m**2 + 185*m - 735. Calculate the remainder when 1354 is divided by p(25).
94
Let g(v) = v**3 + 20*v**2 + 23*v + 22. What is the remainder when 577 is divided by g(-5)?
13
Suppose -3*z - 74 = 5*t, -4*t = 5*z + 111 + 34. Let p = -28 - z. Suppose 5*n - 5*y = 725, 0*y - p*y = n - 127. What is the remainder when n is divided by 36?
34
Suppose -660*s + 600961 = -31*s - 345684. Let l(v) = 4*v**2 + 2*v + 1. Calculate the remainder when s is divided by l(-2).
10
Let b(g) = 2*g**3 - 20*g**2 + 8*g + 8. Let p be b(12). Suppose -16*f - 4*f = -p. Calculate the remainder when f is divided by (28/6)/((-8)/(-12)).
6
Suppose 34*r = -32*r + 11814. What is the remainder when r is divided by (10 - -3) + -3 + 2?
11
Suppose 10*z - 10568 = -13*z + 748. What is the remainder when z is divided by 118?
20
Let f be (10/6)/(3/(-108)). Let u = -22 - f. Suppose -16*w + 1246 = -14*w + 87*w. What is the remainder when u is divided by w?
10
Let z(f) = 13*f**2 + 82*f + 423. What is the remainder when z(-5) is divided by 120?
98
Let h be 2/(4 - 2) + -5 + -4. Let s = h - -19. What is the remainder when s is divided by ((-12)/(-15))/((-4)/(-30))?
5
Calculate the remainder when (-81198)/(-39)*(-2)/(-4) is divided by 340.
21
Suppose 19*k - 2275 = -6*k. Let m(x) be the third derivative of x**5/60 + x**4/8 + 5*x**3/6 - 12*x**2. Calculate the remainder when k is divided by m(-6).
22
Suppose 52 = 3*d - g - 0, 0 = 4*g + 4. Suppose -62*w + 11584 = 119*w. What is the remainder when w is divided by d?
13
Let l(c) = 3*c**2 - 11*c + 45. Suppose 32*f = 37*f - 55. What is the remainder when l(6) is divided by f?
10
Suppose 2*r + 5*v = 200, 54*r = 50*r + 4*v + 400. What is the remainder when r is divided by 49?
2
Let u(j) = 7*j**2 - 4*j - 5. Calculate the remainder when -6 + (-9877)/(-77) - (-30)/(-110) is divided by u(-2).
29
Calculate the remainder when (-968)/2420 + (2 - 127/(-5)) is divided by 16 + -1 + 0/(-4).
12
Let i = 41070 + -38589. What is the remainder when i is divided by 46?
43
Suppose 30*w = 4868 + 4582. What is the remainder when 645 is divided by w?
15
Suppose 5*k + 36 = 3*o, -2*o = -6*o - 4*k + 16. Suppose -2*m + 52 = -5*w - 30, 2*m + 3*w - 82 = 0. What is the remainder when m is divided by o?
6
Let z(l) = -25*l + 24. Let w be z(-3). Suppose -55 = -3*v + 2*t, 0*v + 2*t + 34 = 2*v. Calculate the remainder when 4/(-1 - (-111)/w) is divided by v.
12
Suppose 121 = -3*s + x, 3*x = -0*x - 15. Suppose -108 = 3*u - 387. Let b = s + u. What is the remainder when 355 is divided by b?
49
Let x = 5097 + -4714. What is the remainder when x is divided by 83?
51
Calculate the remainder when 1130 is divided by 196/(-42) - 2080/(-24).
64
Let k be (1 - 5 - 123) + (-1 - -3). Calculate the remainder when (k + 5)/((-5)/15) is divided by 91.
87
Calculate the remainder when 316 is divided by (-17 + 588/35)*-335.
48
Suppose t = -5*t - 21*t + 1485. Suppose -q + 425 = 3*w + w, 0 = -4*w - 4*q + 440. What is the remainder when w is divided by t?
50
Suppose -9*i + 12 = -5*i. Suppose 5*y - r - 1098 = 0, -2*y + 385 = -i*r - 62. Suppose -7*g + 607 = -y. Calculate the remainder when g is divided by 40.
38
Suppose g = 5, 3*g - 5*g + 310 = 3*d. Calculate the remainder when d is divided by (((-69)/(-8))/(-23))/(3/(-168)).
16
Suppose 2*m + 4*u = 226, 5*m + 60*u = 55*u + 575. Let c(s) = -s**3 - 15*s**2 + 31*s - 17. Calculate the remainder when m is divided by c(-17).
15
Let t = 26307 - 19487. What is the remainder when t is divided by 91?
86
Suppose 372 = 5*h + 12. Let s = -23 + h. Let r = 226 + -213. What is the remainder when s is divided by r?
10
Let w = -208 - -297. Let s = 167 - w. Calculate the remainder when s is divided by 22.
12
Suppose g + 121*m - 117*m = 51, -3*g = 6*m - 147. What is the remainder when 403 is divided by g?
27
Let k(y) be the first derivative of y**3/3 - 6*y**2 + 16*y - 130. Calculate the remainder when k(15) is divided by 21.
19
Suppose -141*z + 211*z - 44625 = -305*z. What is the remainder when 1306 is divided by z?
116
Suppose -102 + 194 = 47*n - 660. Let x = 3129 - 1948. What is the remainder when x is divided by n?
13
Suppose -6*i + 108 = -4*i - 4*q, 96 = 2*i + 2*q. Suppose -v = v - i. Calculate the remainder when v is divided by (-6)/(-2)*(338/39 + -6).
1
Let c(q) = 13*q**2 - 38*q - 25. Let s(f) = -15*f**2 + 39*f + 24. Let r(x) = -6*c(x) - 5*s(x). What is the remainder when 57 is divided by r(11)?
27
Suppose 2*d - 12 = 2*f, -d + 14 = 5*f + 26. Calculate the remainder when 27 is divided by d*22/(-15)*25/(-10).
5
Suppose 674*j - 43098 - 49016 = -28084. What is the remainder when 758 is divided by j?
93
Suppose 12*c + 31104 = -12*c + 33120. Calculate the remainder when 4283 is divided by c.
83
Suppose 2*j = -4*z + 30, -z + 39 = 3*z - j. Let u(g) = -2*g**2 + 19*g - 10. Let r be u(z). Calculate the remainder when 52 is divided by r - 1 - (0 + -3) - -17.
1